 Let c = o + -49. List the prime factors of c.
71
Suppose -44478 = -4*b + 3*v, 5*v + 21236 + 1024 = 2*b. List the prime factors of b.
3, 5, 13, 19
Suppose 3*i - 20065 = -6*i - 5674. What are the prime factors of i?
3, 13, 41
Suppose -4*b - r + 1 = 0, -3*r - 10 = 2*b - 3*b. Let k be ((-51)/(-6) - 1)/(b/66). Suppose -5*m + 4*w = -w - k, -4*m = -5*w - 393. List the prime factors of m.
2, 3, 17
Suppose 21*h = -13*h + 79184 + 5340. What are the prime factors of h?
2, 11, 113
Suppose 23837 + 40150 = 3*c + 4*c. What are the prime factors of c?
3, 11, 277
Let r = 50 + -60. What are the prime factors of r + 9 - (-28)/(-6)*-3?
13
Let i be (12/(-16))/((-12)/48). Let z(v) = 28*v**2 - 19*v + 62. What are the prime factors of z(i)?
257
What are the prime factors of -11 + 5691912/108 - 6/(-54)?
2, 3, 4391
Let a(i) = -4*i + 40. Let n = -39 - -13. List the prime factors of a(n).
2, 3
Let g = 45745 + -32226. List the prime factors of g.
11, 1229
Suppose 41*r = 40*r + 8. Suppose r*g = 7*g + 94. Suppose k + 1 = 5*o + g, 2*k + 5*o = 141. What are the prime factors of k?
2, 3, 13
Suppose 21 = -14*n + 595. Suppose s = -4*o + 8, 4*s - n = 2*o + 63. Let q = s - -46. What are the prime factors of q?
2, 5, 7
Suppose 11687203 - 3053158 = 147*z. What are the prime factors of z?
5, 17, 691
Let w be 8/(-6) - 3601/(-3). Let l = w + -832. List the prime factors of l.
367
Let u(c) = 377*c**2 + 101*c - 75. What are the prime factors of u(3)?
3, 17, 71
Let q = 34 - 32. Suppose -4*k + 3*k = q. List the prime factors of ((-2)/k)/(12/684).
3, 19
Let d(y) = -39*y**3 - 19*y**2 - 317*y - 30. What are the prime factors of d(-10)?
2, 5, 503
Let q(p) = p + 8. Let y be q(-8). Suppose 13*t - 6*t + 21 = y. List the prime factors of (t - 4*-19) + -5.
2, 17
Let u = -25378 - -41148. List the prime factors of u.
2, 5, 19, 83
Let h(r) = -r**3 + 7*r**2 - 13*r - 7. Let q be h(5). What are the prime factors of (-116284)/(-154) - (-2)/q?
5, 151
Let u = -44 + 52. Suppose -u*a + 21 = -a. Suppose -m + 0*j + 22 = -a*j, -3*j = -2*m + 44. List the prime factors of m.
2, 11
Suppose 3*v - 77362 = -5*a, 3*a = -v + 1240 + 24538. What are the prime factors of v?
25799
Let i = 2046 + -1415. Suppose 8*l + i - 3735 = 0. What are the prime factors of l?
2, 97
Suppose 0 = -17*u + 23*u - 6. Let r(q) = 389*q**3 - 2*q**2 - 2*q + 2. List the prime factors of r(u).
3, 43
Suppose 55*s + 3 = 54*s, -6*h - 2*s = -302190. List the prime factors of h.
2, 25183
Suppose -4*b - 7*a + 65 = -2*a, a = -b + 15. List the prime factors of 43890/63 + (b/(-3))/5.
2, 3, 29
Suppose -39*f + 37*f + 10 = 0. Suppose -f*t + 270 = -1395. List the prime factors of t.
3, 37
Let f be 9 - (-1 + 7)*1. Suppose -5*d + 4*k = -1026, -d - f*k = 2*d - 621. What are the prime factors of d?
2, 103
Let q(s) = s**2 + 17*s - 1. Let j be q(-19). Suppose -46 + j = b. What are the prime factors of ((-24)/b)/(12/882)?
2, 7
Suppose 2482 - 670 = -12*h. Let g = 402 + h. What are the prime factors of g?
251
Suppose 85 = -11*k + 30. Let y(h) = 4*h**2 - 16*h + 11. What are the prime factors of y(k)?
191
Suppose 3*a - 4*a - 3*y = 3, 30 = 4*a - 2*y. Suppose -5*m - 4*c = -104, -4*m = -5*c - 69 - a. Suppose -2 = b, -i = 4*i + 5*b - m. List the prime factors of i.
2, 3
Let t(p) = -2*p - 61. Let s(d) = -4*d - 62. Let c(k) = 6*s(k) - 5*t(k). What are the prime factors of c(-13)?
5, 23
Suppose -17 = -11*m + 753. Let x = m - 0. What are the prime factors of x?
2, 5, 7
Suppose 2*b + 3*s - 25 = 0, b = -4*b + 2*s + 34. Let p(a) = -3*a + 27. Let g be p(b). Suppose -g*j - 152 = -7*j. List the prime factors of j.
2, 19
Let o(d) = -145*d**3 + 2*d**2 + 1. Let r = 747 - 749. List the prime factors of o(r).
7, 167
Let s(j) = -j**3 + j**2 + 4*j - 2. Let k be s(2). Let q be (-6 - -23)*(k + -1). Suppose 5*v = -4*w + 92 + q, -v - 58 = -3*w. List the prime factors of w.
3, 7
Let m(g) = g**2 + 17*g - 78. Let w be m(-18). List the prime factors of (-1710)/4*w/75.
2, 3, 19
Suppose -6*f - 3*f = -252. Suppose -f + 4 = -6*v. Suppose 0 = -2*y - y - 9, 91 = v*s - 5*y. What are the prime factors of s?
19
List the prime factors of 912/1140 - (-5)/(50/120252).
2, 7, 859
Let k be (-1142)/4 + (-19)/(-38) - 2. Let m = 1060 + k. List the prime factors of m.
773
Let r be 0 - (12/4 - 7). Suppose 5*f + 0*f + 3*c - 5022 = 0, f + r*c = 1001. What are the prime factors of f?
3, 5, 67
Suppose -19*s + 6920 = s. Let j = s + -325. List the prime factors of j.
3, 7
Let n = -64 + 55. What are the prime factors of (-1 + n + -6)*-26?
2, 13
Let d = -58 + -11. Let p = 88 + -48. Let y = p - d. What are the prime factors of y?
109
Let o = -2 - -6. Suppose -o*w = -2*s, 9*w - 4*w + 2*s - 9 = 0. Let t(m) = 76*m + 2. List the prime factors of t(w).
2, 3, 13
Let x(f) = -33*f + 28. Let u = -178 + 175. What are the prime factors of x(u)?
127
Let a(h) = 221*h**2 - 4*h + 2. Let s(z) = -z**2 - 5*z + 1. Let r be s(0). What are the prime factors of a(r)?
3, 73
Suppose -1719*r - 378 = -1713*r. Let w = r - -768. What are the prime factors of w?
3, 5, 47
Suppose 0 = 2*b + 8, -8*b + 7*b + 14831 = 5*a. List the prime factors of a.
3, 23, 43
Suppose -3*c - 2*g = -3490, c + g - 1517 + 352 = 0. List the prime factors of c.
2, 5, 29
Suppose v = -2*u - 3*v - 16, -2*u - 20 = 5*v. Suppose u = t + t + 14. What are the prime factors of (0 - (9 + t)) + 1*5?
3
Let z = -2085 + 3473. List the prime factors of z.
2, 347
Suppose -177*y = -90*y - 242643. What are the prime factors of y?
2789
Let l(h) = -h + 4. Let t = 39 + -27. Let d be l(t). List the prime factors of (1 + 1)*(3 - d).
2, 11
Let t be (-29)/(-1) - (10 - 10). Suppose -29 + t = 5*v. What are the prime factors of (v + (-131)/2)*-2?
131
Suppose 2 = -h + 15. Let f(g) = -2*g**2 - 24*g - 33. Let o(z) = z**2 + 12*z + 17. Let a(y) = h*o(y) + 6*f(y). List the prime factors of a(-13).
2, 3
Let l(p) = 197*p - 5. Let v be l(3). Let j = -324 + v. Let z = j - 94. What are the prime factors of z?
2, 3, 7
Suppose 3*u = 5*c + 8826, -2*u - 5*c + 5674 + 235 = 0. Let p = u - 1172. List the prime factors of p.
5, 71
Suppose 10*l - 25 = 5*l. Suppose -b - q = -37, -l*b = -q + 26 - 235. List the prime factors of b/((-4)/32*-4).
2, 41
Let f(g) = -85*g + 3 + 6 + 80*g. Let u be f(-5). Let o = u - -59. What are the prime factors of o?
3, 31
Let b = -27964 - -45327. List the prime factors of b.
97, 179
Let t be ((-4)/10)/(5/(-25)). Suppose t*w + a - 238 = -2*a, 0 = 3*w + 5*a - 356. List the prime factors of w.
2, 61
List the prime factors of 513/(97/(-22) - -1 - 1351/(-386)).
3, 11, 19
Let c(l) be the first derivative of -l**4/4 + 3*l**3 + 3*l**2/2 - 2*l - 198. Suppose 4*y = -5*n + 37, 4*n = -2*y - 2*y + 36. What are the prime factors of c(y)?
2, 43
Suppose -2*d + 42 + 30 = 0. Suppose -5*f + 84 = -d. Let h = f + -2. List the prime factors of h.
2, 11
Suppose -3*u + b + 6 = 0, -4*b = -4*u - 3*b + 9. Suppose 0 = -3*o + u*f + 134 + 61, o - 53 = -5*f. List the prime factors of o.
3, 7
Suppose -2*r - 8 = 2. Let b(x) = x**3 + 9*x**2 + 7*x - 13. List the prime factors of b(r).
2, 13
Let y(g) be the first derivative of -1/3*g**3 + 22*g + 19/2*g**2 + 32. What are the prime factors of y(14)?
2, 23
List the prime factors of 18*215*(2016/54 + -37).
2, 3, 5, 43
Let d(g) = g**3 - 22*g**2 + 29*g - 18. Let r be (4 - 1)/((-19)/(-57)). Let c be 8*r/3 - 3. List the prime factors of d(c).
2, 3, 5
Let a be ((-33)/2)/(-3) + (-57)/(-114). List the prime factors of 405 + (2 + -5)*(-2)/a.
2, 7, 29
Let a(u) = 1547*u - 2956. What are the prime factors of a(10)?
2, 6257
Suppose -5*m + 8*l + 7275 + 36734 = 0, 0 = m - 5*l - 8778. What are the prime factors of m?
7, 1259
Let u(t) be the third derivative of -t**6/120 + 11*t**5/60 - 5*t**4/24 - t**3/6 - 7*t**2. What are the prime factors of u(4)?
7, 13
Let o(n) = -n**2 - n + 61. Let q = -23 - -28. Suppose 0 = -0*k + q*k. What are the prime factors of o(k)?
61
Let y(z) = 2250*z + 5733. What are the prime factors of y(17)?
3, 181
Let q(a) = -8*a - 38 + 12*a + 2*a - 37. Let i(t) = 8*t - 113. Let o(z) = -5*i(z) + 7*q(z). List the prime factors of o(-13).
2, 7
Suppose 16*n + 48 = 22*n. Suppose 12*d - n*d - 4*m = 3324, -837 = -d - 5*m. What are the prime factors of d?
2, 13
Let y(g) = -4*g**2 - 360*g - 71. List the prime factors of y(-57).
29, 257
Suppose -3076435 = -646*s + 431*s. List the prime factors o